Let i(l) = -l**2 - 1 - 5 + 0 - 7*l. What is i(o)?
4
Let y(j) = -1 - 5*j + 3 + 0*j - 1 + j**2. Let r = 1 + 5. Determine y(r).
7
Let b(u) = -u**3 - 5*u**2 - 4*u. Let h be b(-4). Let g(v) = 4*v**2 - 7*v - 5. Let o(d) = 7*d**2 - 12*d - 10. Let f(i) = -5*g(i) + 3*o(i). Give f(h).
-5
Let f(i) = -i - 1. Let n(w) = -w**2 - 6*w - 4. Let s(r) = -6*f(r) + n(r). Suppose 0 = -v - 1, -3*j + 2*v = -1 - 13. Suppose y = -j + 2. What is s(y)?
-2
Let o(y) = -3 + 0*y + 0 + 2*y. Suppose 0 = -v - 2 - 1. Let b be (-1)/(-2) + v/(-2). Give o(b).
1
Let a(m) = 9*m**2 - m**3 + 9*m - 399 - 400 + 812. Give a(10).
3
Let f(y) be the third derivative of -y**6/120 - y**5/30 + 5*y**4/24 - y**3/2 + 17*y**2. Let m(o) = o + 3. Let c be m(5). Suppose 0 = 2*h + c. Determine f(h).
9
Suppose 0*w + 18 = 2*w - z, w + 2*z - 4 = 0. Let r(n) = n - 14. Determine r(w).
-6
Let s = -8 - -11. Suppose -27 - 1 = s*p + 5*c, 4*c - 10 = 3*p. Let o be 3 + -3*(-4)/p. Let n(v) = -6*v**3 + v**2 - 1. Determine n(o).
-6
Let u(m) = 2*m - 6. Suppose -7 = -2*l + 1. Calculate u(l).
2
Let h(y) = 3*y - 6. Let m = -8 + 12. Let d be h(m). Let n(j) = -j**3 + 5*j**2 + 7*j - 6. Determine n(d).
0
Suppose 5*x + 6 = -9. Let d(p) = p**2 + p + 4. What is d(x)?
10
Let s(p) = 4*p**2 - 2 - p**2 + 0*p**2 + 7 + 4*p. Let x(i) = 7*i**2 + 7*i + 9. Let r(j) = -5*s(j) + 2*x(j). What is r(-5)?
-2
Let s = 1 - 0. Let x(h) = -7*h**2 - 1 + 2*h - 4*h + 2. What is x(s)?
-8
Let b(f) = -2*f + 4. Let p(s) = -3*s + 8. Let a(m) = 1. Let t(c) = -6*a(c) + p(c). Let j be t(-2). Let i be (2/(-3))/(j/(-48)). Give b(i).
-4
Let n(k) be the first derivative of -k**4/4 + 8*k**3/3 - k**2/2 + 7*k + 20. Calculate n(8).
-1
Let b(y) = -6*y**2 + 3*y + 2. Let d(m) = m**2 - m. Let r(i) = b(i) + 4*d(i). Give r(-2).
-4
Suppose -18*s = 3*s - 147. Let p(v) = 2*v**2 - 10*v - 2. Give p(s).
26
Suppose 0*n - 4*w - 43 = -5*n, -2*n + 4*w = -10. Suppose 3*k + 4*r - 22 = 8*k, 0 = 4*k - r + n. Let m(t) = t**3 + 4*t**2 + 4*t + 3. What is m(k)?
3
Let o(p) = -p**2 - 3*p + 2. Let i be 1 + -3 - -5 - 0. Suppose -2*k = -i*s - 18, 3*s = -k - 8 - 1. Give o(s).
-2
Let q(c) = -4*c + 1. Let x = 1 + -3. Let r be 3/x*(-12)/(-9). What is q(r)?
9
Let h(s) = -5 - 3*s**3 + 2 - 2*s**3 + 5*s**2 - 4*s - s. Let x(k) = -3*k + 5*k**2 - 2 - 4*k**3 + 0*k**2 - 2*k. Let z(a) = -5*h(a) + 6*x(a). Calculate z(-6).
-3
Let g(w) = 20*w**2 + 24*w. Let a(q) = -7*q**2 - 8*q. Let f(t) = 17*a(t) + 6*g(t). Calculate f(-7).
-7
Suppose 3*w = -4*f - 5, 0*f + f - 7 = 2*w. Let c(b) = b**3 + 3*b**2 + b + 3. Calculate c(w).
0
Let u be 6/9 + (-11)/3. Let w = 6 - 3. Let y(i) = 0*i**2 - w*i**2 - i**3 + 0*i**3 - i + 2. Calculate y(u).
5
Let z(s) be the second derivative of s**4/12 + s**3/6 - s**2/2 + s. Determine z(2).
5
Let w(b) be the first derivative of -2 + b - 5/2*b**2. What is w(1)?
-4
Let x(m) be the first derivative of -1/4*m**4 + 1 - m - 3/2*m**2 - 4/3*m**3. Let w = -4 - -2. Calculate x(w).
-3
Let o(b) = b - 1. Let j(l) = -13*l + 3. Let m(i) = j(i) + 4*o(i). What is m(-1)?
8
Let u be 0/(0 + -1) - 1. Suppose -2*c - 3 = -z + 3, 0 = 2*z + 3*c - 5. Let j(f) = -f + z*f - 2 - 4*f. Determine j(u).
-1
Let j(o) be the third derivative of -o**6/120 + o**5/60 + 5*o**3/3 + 5*o**2. Give j(0).
10
Suppose 3*g + 5*n - 30 = 3, -25 = -g + 3*n. Suppose -h + g = 3*h. Let c(x) = x**2 - 2*x - 5. What is c(h)?
3
Let f(b) = -3*b**2 - 6*b**2 + 8*b**2 + 3*b**3. Calculate f(1).
2
Let v(z) be the third derivative of 4*z**2 - 1/120*z**6 - 1/24*z**4 + 0 + 0*z - 1/2*z**3 - 1/10*z**5. Let p(k) = -k**2. Let l(f) = 3*p(f) - v(f). Give l(-3).
0
Let m(t) = -11*t**2 + t + 21. Let j(k) = 5*k**2 - 10. Let c(d) = -13*j(d) - 6*m(d). Let r be (-1 - 1*-23)/2. Let b = 17 - r. Calculate c(b).
4
Let d(y) = y**2 - 4*y - 5. Let i be d(5). Let l(w) = -w**3 - 3*w**2. Let x be l(-3). Let k(u) = -u**2 + x + 0 + 2*u**2 - 1. What is k(i)?
-1
Let k(o) be the third derivative of 7*o**4/24 - o**3/2 - 17*o**2. Give k(2).
11
Suppose 0 = -5*k + 9 + 1. Let i(n) = -n**k + n + 1 - 2 + 11. What is i(0)?
10
Suppose -2*p + 12 = 2. Let v(u) = -5*u + u**2 + 3 + p*u - 3*u - 2*u. What is v(3)?
-3
Let s(f) = -659 - 3*f + 660 + 0*f. What is s(-4)?
13
Let l(c) = c**3 + 4*c**2 + c - 3. Let u = -96 - -93. Give l(u).
3
Let j(k) be the third derivative of 1/2*k**3 - k**2 + 0*k - 1/120*k**6 + 0*k**4 + 0 + 1/20*k**5. Calculate j(3).
3
Let a(p) = p + 17. Let q be a(-19). Let u(g) be the second derivative of -2*g**3/3 - 3*g**2/2 - g. Give u(q).
5
Suppose 2*s - 2 = 2. Suppose 2*r + s*r + 8 = 4*q, -2*q + 3*r = -3. Let w(x) be the first derivative of -x**3/3 + 5*x**2/2 - 4*x - 2. Determine w(q).
2
Let w(g) = -g**2 - 5*g + 3. Suppose 2*h = 2*x - 6, -4*h + 3*x = 2*x + 3. Suppose -2*z = -h*z + 8. Give w(z).
7
Let z(d) = d**2 + 3*d + 1. Suppose 0 = 3*h - 2*h - 3*p + 9, 0 = 2*h - 4*p + 14. Give z(h).
1
Let u(d) = d**3 - 2*d**2 + 2*d + 1. Let t be 3/(-14 - -2) - 45/(-20). What is u(t)?
5
Let d(z) = 3*z - 1. Suppose 5*y + 5 = -4*c, -3*y - 3*c - 2*c - 3 = 0. Give d(y).
-4
Suppose 4*q - 1 - 7 = 0. Let u(a) = 3*a**3 - 6*a**3 + 2 - 7 + 2*a**3 + 5*a**q. Calculate u(5).
-5
Suppose -5 = 2*l - 19. Let w(a) = a**3 - 6*a**2 - 5*a - 5. What is w(l)?
9
Let p(c) = 2*c - 13. Let k be p(7). Let m(h) = -20*h**3 + h. What is m(k)?
-19
Let z(u) = -u + 4. Let y be z(3). Let v be y/(-2) + (-3)/(-2). Let s(p) be the second derivative of 5*p**3/6 - 16*p. Give s(v).
5
Let w(v) be the second derivative of -v**4/12 - 5*v**3/6 + 3*v**2 - v. Suppose 4 = -5*y - 21. What is w(y)?
6
Let o(y) = y**3. Let g(x) = 6*x**3 - 4*x**2 - 4*x + 4. Let z(w) = -g(w) + 5*o(w). What is z(5)?
-9
Let q(d) = -d**3 - 8*d**2 + d + 9. Suppose -r - 32 = 4*o - 3*r, -o - 8 = 3*r. Determine q(o).
1
Let j = -3 + 6. Let s(b) = -15*b**j - 3*b**2 + 14*b**3 + 2*b + 5 + 5*b. Calculate s(-4).
-7
Let z(k) = 7*k**2 + k**2 - 2*k + k**3 - 5*k**2 - 5*k**3. Calculate z(2).
-24
Let d(v) be the first derivative of -v + v**4 + 3*v**4 - 2*v**4 + 1. Let i = -33 + 34. Calculate d(i).
7
Let v(l) = 7*l**3 - 6*l**2 + 7*l + 3. Let y(x) = x**3 - x**2 + x. Let a(o) = -v(o) + 6*y(o). Give a(0).
-3
Let m(t) = 3*t**2 - t + 21. Let x(p) = -p**2 - 5. Let s(q) = -2*m(q) - 9*x(q). Let a(f) be the first derivative of s(f). Determine a(-2).
-10
Let g(m) = -4*m**3 - 4*m**2 + 2*m - 1. Let p(f) = -3*f**3 - 4*f**2 + f - 1. Let u(r) = 2*g(r) - 3*p(r). What is u(-2)?
7
Let v(s) = -4*s + 7*s + 1 + s + 15*s. Calculate v(1).
20
Suppose -7*i = -9 + 2. Let c(o) = 15*o**3 + o - 1. What is c(i)?
15
Let w(x) = -x**3 - 4*x**2 - 3*x + 1. Let v be 16/(-6)*(6 + -3). Let j be 7/(-28) - (-22)/v. Calculate w(j).
1
Suppose 3*p + 2*p - 15 = 0. Let a(x) = -2*x**3 - 4 + x**2 - 1 + p + 3*x**3. Suppose 0 = -r - r. Determine a(r).
-2
Let m = -84 - -83. Let a(d) = -3*d**3 + 2*d + 1. What is a(m)?
2
Let q(i) = i**3 - 5*i**2 + 2*i + 4. Suppose 64 = -0*r + 4*r. Let f = -13 + r. What is q(f)?
-8
Suppose 2*y + 2*y - 28 = 4*s, y + 8 = -2*s. Let q(p) = y + 5 - 4 - 2 - 14*p. What is q(1)?
-13
Suppose -n = 4*n. Let t(p) = p**2 - p + 4. Calculate t(n).
4
Let p(q) be the third derivative of -q**5/60 - 5*q**4/24 - q**3 + 7*q**2. Let m = -4 - -8. Suppose 0 = r - 5*k + 24, m*r - 5*k = -r - 40. Determine p(r).
-2
Suppose -27 + 3 = 3*s. Let u(l) be the first derivative of -11*l**2/2 + 6*l - 4. Let d(i) = 4*i - 2. Let a(f) = s*d(f) - 3*u(f). What is a(-3)?
-5
Suppose 2 = 3*o - 2*o. Suppose 7*d = 3*d - 8. Let h be (d/3)/(o/(-3)). Let t(r) = -3*r**3 - r + 1. What is t(h)?
-3
Let c be (0 + (-3)/4)*-8. Let l(w) = w**3 - 6*w**2. Determine l(c).
0
Let l be ((-2)/6)/((-5)/45). Let v(y) = 4*y**2 - y - 2 - l*y**2 + 2*y. Suppose -5*t = -6 - 9. Determine v(t).
10
Suppose -2*k - 5*k = 0. Let f(o) = -o**2 + o - 3. What is f(k)?
-3
Let c = -19 - -27. Let w(z) = -z**3 + 8*z**2 + z - 5. Let y be w(c). Let i(p) = 7*p - 7*p - 1 + y*p**2. Give i(1).
2
Let k(z) = -13*z**2 - 9*z - 11. Let i(o) = 7*o**2 + 4*o + 6. Let x(t) = 11*i(t) + 6*k(t). Let h be x(-10). Let g(b) = -b - 8. Determine g(h).
-8
Suppose 4*o = -2*v + v - 10, 4*o + 46 = 5*v. Suppose 2*d - v = -0*d. Let z(p) = -p**3 + 2*p**2 + p. Give z(d).
-6
Let q(x) = -x - 7. Let g(p) = p**3 + p**2 - p + 1. Let s(w) = 3*w**3 + w**2 - 3*w + 4. Let k(r) = 2*g(r) - s(r). Let u = 5 + -3. Let b be k(u). Calculate q(b).
-3
Let t(l) = 2*l + 3. Let p be 5 + -9 + 4*2. Calculate t(p).
11
Let l(f) = f + 1. Let 